431
-10413133 (base 5) to base 14
-2559a
Convert 4c3 (base 14) to base 16.
3bb
Convert 65b9 (base 12) to base 10.
11229
173 (base 15) to base 12
239
-1630 (base 12) to base 16
-a44
Convert 2a13 (base 12) to base 9.
6656
What is 1741 (base 8) in base 10?
993
What is -241404 (base 5) in base 12?
-5243
a69 (base 16) to base 13
12a0
Convert -1133210 (base 4) to base 16.
-17e4
-60 (base 16) to base 10
-96
What is 19400 (base 10) in base 2?
100101111001000
What is 1011001001000110 (base 2) in base 16?
b246
What is -56a (base 14) in base 4?
-100302
What is 110010010000 (base 2) in base 3?
11102010
5125 (base 8) to base 14
d6d
What is -3911 (base 10) in base 4?
-331013
2894 (base 10) to base 11
21a1
Convert -517 (base 8) to base 5.
-2320
What is 10048 (base 9) in base 13?
3011
Convert 1100101111 (base 2) to base 8.
1457
-2574 (base 8) to base 7
-4044
What is 101101011101000 (base 2) in base 6?
255424
1010111000001011 (base 2) to base 11
30525
-1031131 (base 5) to base 15
-537b
-100100011111000 (base 2) to base 16
-48f8
Convert 450 (base 12) to base 10.
636
-35301 (base 6) to base 9
-6861
What is 41501 (base 6) in base 13?
2704
What is -1000 (base 5) in base 3?
-11122
42 (base 5) to base 4
112
25202 (base 12) to base 16
c4e2
2433221 (base 5) to base 12
227a5
-110717 (base 8) to base 2
-1001000111001111
-1897 (base 16) to base 10
-6295
100101011 (base 2) to base 4
10223
What is 13156 (base 9) in base 7?
34614
657a (base 13) to base 3
201101021
What is 2101300 (base 5) in base 11?
23a82
What is 1111100101000 (base 2) in base 14?
2c9a
Convert -1461 (base 10) to base 12.
-a19
Convert 1012221210 (base 3) to base 4.
11313120
What is 533 (base 8) in base 7?
1004
-700d (base 16) to base 4
-13000031
Convert -1340 (base 5) to base 6.
-1004
12330 (base 4) to base 3
121110
-2323103 (base 4) to base 13
-55c1
Convert -132303 (base 4) to base 3.
-2201000
-1413 (base 13) to base 6
-21213
Convert -1752 (base 9) to base 14.
-6bd
-9cc (base 15) to base 2
-100010101001
b86 (base 16) to base 14
110a
Convert -596 (base 10) to base 14.
-308
Convert -122b3 (base 14) to base 11.
-30442
What is 1204 (base 7) in base 10?
445
Convert -33542 (base 10) to base 5.
-2033132
Convert -8ba3 (base 12) to base 6.
-155523
-617a (base 12) to base 16
-296e
What is 2238 (base 10) in base 6?
14210
What is 1211001 (base 4) in base 16?
1941
Convert 1276 (base 8) to base 10.
702
What is b5 (base 16) in base 8?
265
What is -2023320 (base 5) in base 8?
-100300
What is 220112120 (base 3) in base 13?
81b1
Convert -7173 (base 11) to base 4.
-2110232
What is -3162 (base 7) in base 16?
-462
What is 2312 (base 10) in base 2?
100100001000
What is -2718 (base 12) in base 8?
-10604
Convert -112201 (base 4) to base 16.
-5a1
26527 (base 9) to base 2
100011000000110
Convert 1200102 (base 4) to base 11.
46a2
Convert -200201 (base 5) to base 2.
-1100010011101
Convert -14651 (base 7) to base 9.
-5558
What is 2147 (base 8) in base 10?
1127
-1241 (base 6) to base 10
-313
What is 4224 (base 7) in base 13?
8a6
172 (base 8) to base 5
442
What is 5201 (base 8) in base 6?
20241
1001001110100 (base 2) to base 14
1a16
Convert 8515 (base 10) to base 16.
2143
What is -6266 (base 12) in base 5?
-320414
What is -1111001001101 (base 2) in base 13?
-36b9
-8197 (base 15) to base 11
-1961a
What is -76 (base 13) in base 2?
-1100001
5a2 (base 12) to base 6
3522
368 (base 13) to base 4
21101
Convert 2c3 (base 15) to base 4.
21321
-1112121 (base 4) to base 14
-202d
Convert 4948 (base 12) to base 11.
6233
-689 (base 13) to base 4
-101213
What is 123404 (base 5) in base 13?
2295
26263 (base 7) to base 8
15533
-32301 (base 5) to base 8
-4231
Convert -517 (base 8) to base 16.
-14f
Convert -22121002 (base 3) to base 14.
-23d8
Convert -11120010 (base 3) to base 16.
-cfc
Convert -1de1 (base 16) to base 4.
-1313201
-1083 (base 12) to base 10
-1827
22510 (base 6) to base 8
6212
Convert -2220132 (base 4) to base 5.
-321112
-21210102 (base 3) to base 16
-1631
Convert b87 (base 15) to base 9.
3511
What is 3e7 (base 15) in base 7?
2413
What is -118 (base 12) in base 7?
-323
Convert 30100 (base 6) to base 15.
1269
-f4 (base 16) to base 11
-202
222 (base 3) to base 13
20
2b8 (base 14) to base 11
464
What is -2331311 (base 4) in base 10?
-12149
What is 65641 (base 8) in base 4?
12232201
447 (base 14) to base 3
1011101
-10101111100110 (base 2) to base 9
-16366
-4013 (base 7) to base 6
-10222
Convert 4686 (base 10) to base 16.
124e
Convert 2154 (base 6) to base 5.
4002
Convert 210 (base 11) to base 13.
166
What is -232503 (base 6) in base 9?
-30453
Convert -11110 (base 4) to base 7.
-664
What is -1221221121 (base 3) in base 6?
-454411
What is -110000101 (base 2) in base 4?
-12011
What is 44 (base 7) in base 12?
28
12027 (base 11) to base 15
5207
What is -112011 (base 3) in base 10?
-382
What is -106625 (base 7) in base 4?
-10223222
Convert -3080 (base 9) to base 6.
-14243
What is c19 (base 13) in base 9?
2727
Convert -303203 (base 5) to base 4.
-2121023
Convert -48274 (base 9) to base 15.
-988a
What is -24345 (base 9) in base 10?
-16322
1100101110100100 (base 2) to base 12
26204
What is 17747 (base 8) in base 6?
101451
What is 51553 (base 7) in base 5?
401011
-34a6a (base 11) to base 8
-142545
Convert 707 (base 9) to base 16.
23e
Convert 191 (base 13) to base 9.
348
Convert 9518 (base 12) to base 14.
5d1a
What is -140211 (base 7) in base 2?
-110011110010101
What is 157 (base 8) in base 9?
133
What is 122424 (base 6) in base 3?
120000221
150 (base 6) to base 3
2110
-363a (base 12) to base 4
-1133032
35521 (base 8) to base 11
10455
-100011 (base 7) to base 5
-1014230
Convert 2730 (base 8) to base 12.
a48
47121 (base 8) to base 13
9183
What is 4051 (base 10) in base 11?
3053
21063 (base 11) to base 7
155311
Convert -113 (base 10) to base 3.
-11012
Convert 735 (base 8) to base 4.
13131
153 (base 15) to base 3
102020
8b15 (base 12) to base 3
210011022
f5 (base 16) to base 14
137
Convert 31dc (base 16) to base 14.
491a
-1430143 (base 5) to base 11
-20637
-210022022 (base 3) to base 4
-3302231
12011120 (base 3) to base 15
11b3
What is 442 (base 12) in base 10?
626
What is 241043 (base 7) in base 16?
aa48
-211033 (base 5) to base 9
-10557
What is -1014321 (base 6) in base 14?
-13b97
Convert 184 (base 16) to base 3.
112101
1ae2 (base 15) to base 6
43005
What is 1156 (base 10) in base 2?
10010000100
Convert -1000100110011111 (base 2) to base 9.
-53285
Convert -1280 (base 10) to base 13.
-776
What is -c9a5 (base 15) in base 3?
-2011112202
-4566 (base 8) to base 2
-100101110110
What is 211020 (base 3) in base 6?
2440
What is -1345 (base 9) in base 10?
-1013
What is 166 (base 16) in base 11?
2a6
What is 3434 (base 5) in base 9?
608
What is -5240 (base 8) in base 14?
-dc4
-3a6 (base 16) to base 12
-65a
Convert 5912 (base 12) to base 2.
10011011011110
Convert -10fb (base 16) to base 8.
-10373
Convert -1e9 (base 16) to base 6.
-2133
Convert -a157 (base 11) to base 4.
-3102311
Convert -1526 (base 16) to base 2.
-1010100100110
Convert -122000 (base 3) to base 4.
-13023
1717 (base 14) to base 9
5606
-3214 (base 12) to base 3
-21112021
What is aa9 (base 16) in base 3?
10202002
What is 60 (base 12) in base 11?
66
Convert -510 (base 7) to base 3.
-100100
-555 (base 13) to base 7
-2445
What is 96 (base 10) in base 15?
66
-68 (base 10) to base 14
-4c
-104300 (base 5) to base 13
-18b8
Convert -b76 (base 16) to base 12.
-1846
What is 641 (base 9) in base 14?
295
Convert 23133 (base 5) to base 16.
684
What is 2160 (base 8) in base 10?
1136
Convert -c0ec (base 15) to base 11.
-28660
-1031 (base 7) to base 8
-555
What is 244 (base 8) in base 16?
a4
What is 5c1 (base 13) in base 8?
1752
-679 (base 12) to base 7
-2535
Convert 232116 (base 7) to base 6.
520233
What is -11321 (base 4) in base 13?
-230
Convert -3434 (base 5) to base 12.
-352
What is -35026 (base 7) in base 2?
-10001011101010
Convert -2202002012 (base 3) to base 16.
-d2f5
What is -16172 (base 8) in base 16?
-1c7a
What is -419 (base 10) in base 2?
-110100011
What is 3bb9 (base 14) in base 3?
112110210
What is 770 (base 14) in base 7?
4200
Convert -992 (base 13) to base 7.
-4532
-2503 (base 8) to base 13
-7c8
What is -1513 (base 10) in base 11?
-1156
What is 11121002 (base 3) in base 15?
ed5
-10033 (base 5) to base 